11*r(p). What is t(1)?
-3
Let h(u) be the third derivative of 1/3*u**3 + 0*u + 0 + 5*u**2 - 1/24*u**4. Determine h(-2).
4
Let w(a) = -a**3 + 2*a**2 - 5*a - 6. Let s(y) = 2*y**3 - y**2 + 5*y + 6. Let n(h) = 2*s(h) + 3*w(h). Determine n(-5).
-6
Suppose 0 = p - 6*p + 2*q - 43, 4*p - 3*q = -40. Let n(o) = -o + 6. Let r be n(p). Let l(m) = -15*m + 2 + r*m - 1. Determine l(1).
-1
Let u(b) = -13*b - 1. Let t(q) = 5*q - 15. Let r(y) = y - 1. Let m(i) = -4*r(i) + t(i). Let a be m(10). Determine u(a).
12
Suppose -10*u + 32 - 22 = 0. Let w(h) = -11*h - 1. Let v(g) = 10*g + 1. Let l(i) = 5*v(i) + 4*w(i). Determine l(u).
7
Suppose -2*p = -4*n - 12, -5*n + 0*n = p + 1. Suppose p*f - 1 = -13. Let r be 1 + f/6*-2. Let c(m) = -m**2 - 2. Give c(r).
-6
Let j(w) = -w**3 - 2*w**2 + 2. Let c be j(-2). Let t be 22*-1*(-5)/10. Suppose -3*s + 3*i + 18 = 2*s, -3*s + t = -c*i. Let f(n) = n + 1. Determine f(s).
4
Let s(g) = -g**2 - 8*g - 7. Let y(t) = t + 1. Let w be y(4). Let k(m) = -m**2 - 7*m - 6. Let o(c) = w*s(c) - 6*k(c). Determine o(-3).
4
Suppose -3*m - m = 12. Let q(t) = -3*t**3 + 7*t**2 - t + 4. Let c(u) = 2*u**3 - 6*u**2 + u - 3. Let i(s) = 4*c(s) + 3*q(s). Give i(m).
-3
Let w(p) = -2 + 1 + 2 + 4*p. Let q be w(2). Suppose 0 = -4*l + 2*i - 10, -4*l + 2*i = i + q. Let o(h) = -h**3 - 4*h**2 - 4*h - 2. Give o(l).
-2
Let y(g) = 7. Let a(p) = -p. Let f(z) = -a(z) + y(z). Determine f(-3).
4
Let l(w) be the second derivative of w**4/12 + 2*w**2 - 42*w. What is l(-3)?
13
Suppose -57 = 3*n - 21. Let k(x) = -10*x - 2. Let h(q) = -q. Let b(m) = n*h(m) + k(m). Let r(g) = g**2 - 13*g - 10. Let u be r(14). What is b(u)?
6
Let f(k) = k**2 + 5*k + 2. Let w be f(-5). Suppose -4*a = w*h + 14, -4*a - h = -0*a + 9. Let b(s) be the first derivative of 3*s**2/2 + s - 13. Give b(a).
-2
Let r be (0 + 2)/(1 + 0). Suppose p = 5*p - 8. Let h(k) = -p*k + r*k - k. What is h(4)?
-4
Let j(y) be the first derivative of 7 + 2*y + 1/2*y**2. Calculate j(-4).
-2
Let g(v) = -2*v**2 - 3*v + 2. Suppose -3*z - 17 = -5*a + 25, -a = -z - 8. Let c be ((-11)/(-33))/((-1)/a). Calculate g(c).
-7
Let x(z) = z**2 + 7*z + 3. Let r(a) = -2*a + 1. Let w be r(3). Give x(w).
-7
Let b(h) = 17*h + 10. Let a(o) = -16*o - 9. Let y(c) = -6*a(c) - 5*b(c). Let s(p) = -22*p - 9. Let w(x) = 3*s(x) + 7*y(x). Calculate w(1).
12
Let f(u) be the first derivative of 1 + u + 1/2*u**2. What is f(3)?
4
Let i(n) = -n**2 + 6*n. Let p = 47 - 41. Determine i(p).
0
Let v(y) = y**2 - 6*y + 5. Suppose 8*l - 85 = 3*l. Suppose 4*b - a - l = -0*b, 2*a - 1 = b. What is v(b)?
0
Let d = -25 + 24. Let s(j) = -j**3 - 4*j**2 - 3*j. Let q(f) = f**3 + f**2 + f. Let z(v) = -3*q(v) - s(v). Give z(d).
3
Let n(t) = t**3 - 3*t**2 + t - 3. Let f be (1 - 1) + -1 + 5. Suppose -2 = 2*u - 10. Suppose 22 = 4*i - p - f*p, -u*i + 20 = -4*p. Determine n(i).
0
Let k be -1*3/2*-14. Let a be 27/k - (-4)/(-14). Suppose 2*w = w - a. Let r(o) = -4*o**2 - 1. Calculate r(w).
-5
Let l(j) = -3 - 7*j + j**2 + 0*j**2 + 11*j. Suppose 3*z + 3*g + 9 = -z, -5*g + 49 = -4*z. Calculate l(z).
9
Let o be (-20)/(((-4)/(-2))/(-4)). Suppose -5*u = -5*g - o, -3*g = -g + 10. Let p(m) = -m + u*m - 4*m + 2. Determine p(2).
-2
Let x(u) = -u**2 + 5*u + 4. Let k be x(5). Suppose -5 = -k*w - 1. Suppose 0 = g + w - 7. Let z(a) = a**3 - 5*a**2 - 8*a + 4. Calculate z(g).
-8
Let k(r) = -r**3 + r**2 - r + 1. Let z(h) be the third derivative of -h**5/60 - 11*h**4/24 - 3*h**3/2 + 4*h**2. Let f be z(-10). What is k(f)?
0
Let x(j) = -2 + j**2 - 7*j - 2*j**2 + 6*j. Suppose -4*y = -y. What is x(y)?
-2
Let x(l) = -3*l - 6. Let m(o) = -19*o. Let y be m(-1). Let g = -3 + y. Suppose 4*v + g = -2*z, -4*z = 4*v - z + 16. What is x(v)?
6
Let i(g) be the first derivative of -g**3/3 - 3*g**2 - 5*g - 15. Determine i(-4).
3
Let j(u) = -1 + 3 + 2*u + u**2 - 3. Let b be -1 - (-4 - 3/(-3)). Suppose -b*s = -3*m + 5, 5*s - 22 = -2*m - 6. What is j(s)?
7
Let a(c) be the first derivative of -2*c**2 - 1. Suppose 2 = -f + 1. What is a(f)?
4
Suppose -4*z - 2*t - 16 = 0, 4*z - 2*t = t - 36. Let p(o) = o**3 + 5*o**2 - 5*o + 6. What is p(z)?
0
Let y(m) = -8*m + 14. Let s(x) = -3*x + 5. Let k(w) = 17*s(w) - 6*y(w). What is k(1)?
-2
Let s be 204/30 + 2/10. Let q(h) = h**3 - 8*h**2 + 8*h - 10. Let o be q(s). Let v(d) = d - 4. Determine v(o).
-7
Let n(w) = -w + 8. Let k be n(6). Let z(u) = 17*u**2 - 16*u**k - 2 + 4*u + 8. Give z(-4).
6
Suppose -17 + 8 = -3*c. Let h(b) = 2*b**3 - 3*b**2 - 3*b - 3. Determine h(c).
15
Let i(s) = -s + 8. Let c be 6 + -3 - (-1 - -1). Let t be (7/c)/((-1)/3). Let o(w) = -w**2 - 8*w - 3. Let y be o(t). What is i(y)?
4
Let x(g) be the third derivative of -3*g**5/20 + g**3/6 - 3*g**2. Suppose l - 3 = 2*b, -3*b - 4*l = -4*b - 5. Let q be (-2)/(-1 - b/(-1)). What is x(q)?
-8
Let z(t) = t**3 + 5*t**2 + 4*t - 3. Let a be ((-2)/4)/1*8. Let c be z(a). Let u(f) = -f - 4. Determine u(c).
-1
Let r(x) = -2*x + 6. Let b(c) = 4*c - 11. Let j(p) = 2*b(p) + 5*r(p). Give j(6).
-4
Let s(b) = -b**2 + 3*b + 4. Let p be 0 + 3 + 6/6. Give s(p).
0
Let d(p) = 2*p - 2*p + 1 + p**2. Suppose 5 = -3*s + 4*o - 7, -9 = -s - 3*o. Suppose -i - 3*i = s. What is d(i)?
1
Let j(x) = -x**3 - 2*x**2 - 3*x - 2. Let h(k) = -2*k**3 - 4*k**2 - 6*k - 5. Let c(w) = -2*h(w) + 5*j(w). Determine c(-2).
6
Let v be (-2)/3*(-42)/4. Suppose -16 = -v*j + 3*j. Suppose k = -4*q + 18, -j*q = q - k - 18. Let s(w) = -3*w + 4. What is s(q)?
-8
Let p(o) = o**3 + o**2 + 1. Let z be 1*(4 + 2 + -1). Suppose z*m = -3*g - 15, 0*m - 5*m - 25 = 5*g. Calculate p(m).
1
Let t be (0 + 4/(-8))*-2. Let o(x) be the second derivative of x**5/5 + x**4/12 - x**3/3 + x**2/2 + 2*x. Determine o(t).
4
Let w(y) = 0*y + 19 - y - 20. Determine w(-5).
4
Let l(m) be the third derivative of m**4/12 - m**3/3 + 2*m**2. Let j(w) = w**2 - 8*w + 7. Let b be j(6). What is l(b)?
-12
Let g(j) = 8*j + 3. Let l(u) = 24*u + 8. Let z be (12/(-10))/(6/(-45)). Suppose o = 2*d - z, 2*o - 2*d - 13 = 3*o. Let i(w) = o*g(w) + 4*l(w). Calculate i(-1).
-9
Let s(t) = t**2 - 9*t + 6. Let d(k) = -2*k**2 + 32*k - 20. Let i be d(15). What is s(i)?
16
Let s = -3 + 5. Let t be (s - 1) + 1/1. Let d(u) = -t*u**2 + 5 + 0 - 4 + 2*u. What is d(2)?
-3
Let y(t) = t**3 + 4*t**2 + 3*t - 4. Suppose c + 7 = 2. Let b be 1*1*-6 + -2. Let u = b - c. Determine y(u).
-4
Let p(k) = -5*k**3 + k - 1. Let l be p(1). Let a = 7 + l. Let w(n) = -n**2 - 6*n + 4. Let q(x) = 2*x**2 + 13*x - 9. Let h(c) = a*q(c) + 5*w(c). Determine h(-4).
2
Suppose 3*t + t = -16. Let n(g) = g**3 + 5*g**2 + 4*g - 3. Determine n(t).
-3
Let a(o) = o**2. Let s be a(-1). Let u be (1 + s)*2/(-1). Let b(t) = 2*t**2 - t - 5. Let v(f) = 3*f**2 - 6. Let q(k) = 4*b(k) - 3*v(k). Calculate q(u).
-2
Let h(r) be the first derivative of r**3/3 + r**2 + 3. Let n be ((-2)/(-5))/(1/(-5)). Determine h(n).
0
Let d(u) = -14*u**2 + 21*u - 14. Let v(r) = -5*r**2 + 7*r - 5. Let k(l) = -4*d(l) + 11*v(l). Let a = 30 - 24. Give k(a).
-5
Let k(a) = -6 + 327*a**2 + 7*a - 328*a**2 + 4. Give k(7).
-2
Let b(s) = -10 - 2*s**2 + 8*s - s + s**2. Determine b(7).
-10
Let d(v) be the third derivative of -v**5/60 + v**3/6 - 10*v**2. Calculate d(-1).
0
Let j(a) = 5*a**2 - 13*a - 35. Let i(k) = 2*k**2 - 4*k - 12. Let l(b) = 8*i(b) - 3*j(b). What is l(-6)?
3
Let g(y) = -2*y + 6. Let r be g(2). Let j(l) be the first derivative of 1/4*l**4 - 2 - 3*l**r + 7*l - 4/3*l**3. Give j(5).
2
Let v(f) = -f**2 + 7*f + 3. Let r be (-2)/4 - (-17)/2. Determine v(r).
-5
Suppose -4*f - 2*r = -24, 2*r - 12 = f - 2*r. Let h(z) be the second derivative of -1/20*z**5 - 2*z**2 - 2*z - 1/3*z**3 + 5/12*z**4 + 0. Give h(f).
4
Let p(f) be the first derivative of -f**4/4 - 4*f**3/3 + 7*f**2/2 + 5*f - 3. What is p(-5)?
-5
Suppose -5*o + 9 = -2*o. Let q(p) = -8 - 8 + o*p + 11. Determine q(5).
10
Let o(j) = -12*j + 6. Let m(a) be the second derivative of a**2/2 - 7*a. Let l(w) = -5*m(w) + o(w). What is l(1)?
-11
Let i(o) = o + 10. Suppose -m - 2*f - 1 - 1 = 0, 0 = 5*f + 5. Suppose -5*n + m*n + 5 = l, 0 = l - 5. What is i(n)?
10
Let l(s) = 2*s**3 - 2*s**2 - 2. Let o be 4/(96/52) + 6/(-36). What is l(o)?
6
Let u(t) be the second derivative of t**3/6 + 2*t**2 - 7*t. Give u(-4).
0
Suppose -3*z + 15 = -0*z - 3*d, -3*d = -5*z + 25. Suppose z*k + 13 = -12. Let y(n) = n + 1. Let m(w) = 2*w + 6. Let h(l) = k*y(l) + m(l). Determine h(